. Is q composite?
True
Is ((-111)/(-148) - (-10)/(-8))*(0 - 92978) a prime number?
True
Suppose 7*d - 12 = 4111. Let i = d - 180. Is i a composite number?
False
Is ((-3609284)/(-21))/((-56)/(-126)) a prime number?
False
Suppose -3*r + 81 = -3*l, 0 = -2*l - 2*r - 0*r - 58. Let s(n) = 4*n**2 + 68*n + 41. Is s(l) prime?
False
Let m be (4/10)/((-440)/50 + 9). Is (-3)/m - (-23345)/10 composite?
False
Suppose -154 = -3*s + i, -s + 0*i + 49 = 2*i. Let n = s + -47. Suppose -376 + 100 = -n*q. Is q a composite number?
True
Let h(o) = -1956*o + 870. Let p be h(-3). Let z be 4*(2 + 5/(-4)). Suppose 11240 = 5*v + 4*i + i, 5*i = -z*v + p. Is v prime?
True
Let o = 17 + -14. Suppose 2 - o = -l. Let k(y) = 1344*y**3 + y**2 - y + 1. Is k(l) prime?
False
Let c = 2181938 - 1371801. Is c composite?
False
Let t(g) = 42*g**2 + 276*g - 3467. Is t(-188) a composite number?
False
Is (10*(-33447)/6)/(60/(-60)) composite?
True
Suppose -5*m + 40 = -5*n, -5*m + n + 22 = -10. Suppose 0 = v, -o - 8*v - 1817 = -m*v. Let b = 2844 + o. Is b a composite number?
True
Suppose 74*k = 72*k + 5*y + 79912, 5*k - y = 199849. Is k composite?
False
Let s = -2172 + 5714. Suppose -3*b = 4*d - 2694 - s, -4*d - b = -6236. Is d prime?
True
Suppose 0 = -2*d + 3*g + 3836, 5551 = 4*d - 4*g - 2125. Suppose d = 2*z + 15*z. Is z a composite number?
False
Suppose -23 = -5*t - 3*i + 4*i, -27 = -3*t + 5*i. Suppose 8*h = 2*m + 11*h - 14090, -4*h - 28220 = -t*m. Is m composite?
True
Let g = -785305 - -1152671. Is g a composite number?
True
Let s = 16675 + -6116. Is s composite?
False
Let x(n) = -50290*n - 689. Is x(-6) prime?
True
Let y(g) = 148*g**3 - 7*g**2 + 117*g - 1097. Is y(11) a prime number?
True
Suppose -31*v + 29*v = -24. Let x(h) = 22*h**2 - 6*h - 55. Is x(v) a prime number?
True
Suppose 1544 = -2*r - 2*r. Suppose 13*o = -8242 - 1287. Let g = r - o. Is g prime?
True
Let t be (-196)/(-49)*17/4. Suppose v + t*v - 73908 = 0. Is v prime?
False
Let i = -6450668 + 9062527. Is i composite?
False
Is (-1944)/810 + 1208407/5 a prime number?
True
Let x be (3 - 5)/(26/(-65)). Suppose 3*t - 3019 = 5*d, x*d - 2002 = -2*t + 3*d. Is t a prime number?
False
Let q be 779/(-7) - (-6)/21. Let y = 1693 - 1065. Let k = q + y. Is k prime?
False
Let o = -14 - -8. Let v be 4/3 - (o/(-9))/(-1). Suppose -5*j - v*l - 144 = -413, -153 = -3*j + 3*l. Is j composite?
False
Is (-965724)/108*-3*(-1 - 1*-4) a prime number?
False
Suppose 63*n + 111*n - 55445075 = -n. Is n a composite number?
True
Let a(r) = 6*r**2 + 5*r - 9. Let h be -2 + -1 - (-12 + 1). Let t be a(h). Suppose 6*z - t = 347. Is z prime?
True
Let t(i) = -i**3 + 55*i**2 - 56*i - 269. Is t(43) a prime number?
False
Suppose -5*x - 30 = 0, 182*x - 104558 = -4*g + 185*x. Is g a prime number?
False
Let l be 843 + (-6 - -8) - (1 - 1). Let u = l + 157. Is (-2 + u + -2)*(-2)/(-4) a composite number?
False
Let o(a) = 119*a - 151. Is o(22) prime?
True
Let d(x) = -12*x + 6. Let z be d(-2). Let w be 45 + 1 + 17 + -18. Is w/z*(-8612)/(-6) a prime number?
True
Let f = 309750 - -782677. Is f a prime number?
False
Let r be (6/12)/(((-21)/(-197052))/(-7)). Let l = -23241 - r. Is l prime?
True
Let r be (-264536272)/(-70) + (1 - (-9)/(-15)). Suppose -69*k - k = -r. Is k a prime number?
True
Suppose -5*z + 522497 = -436698. Is z a prime number?
False
Suppose 5*l - 3*t - 21 = 2*l, 26 = 3*l - 4*t. Let u be (-1)/(1/l) - -2. Suppose u = 2*c - 399 - 517. Is c composite?
True
Let r be 1002/(-9) + (-1)/(-3). Let q be -3 + -2 - (-79 + -656). Let v = q - r. Is v a prime number?
False
Let p(g) = 6539*g**3 + 3*g - 2. Let d be p(1). Suppose -2*u - r + 4357 = 0, u + 2*u = 3*r + d. Is u composite?
False
Let d(o) = 3*o - 21. Let m be d(5). Let t be (6 - 28)*(m - -1). Let y = t - -447. Is y prime?
True
Let g(c) = -18 + 22 - 22 + 234*c - 9 - 22. Is g(34) a composite number?
False
Let i(z) = -7*z - 159. Let n be i(-25). Is -2*(-14072)/n + 2 composite?
True
Suppose 155*o - 5*q + 676800 = 160*o, 5*q - 270729 = -2*o. Is o composite?
True
Let t be 1007 + -1 + 4*(-4)/(-16). Let h = -714 + t. Is h prime?
True
Let r = -156585 - -229570. Suppose r = 5*y - 3*l, -2*y + 3259 = 4*l - 25935. Is y composite?
True
Let r = -93 + 94. Is 12962 - 6/30*r*5 prime?
False
Suppose 5*k = -5*s + 8910, 3588 = -k + 3*k - 4*s. Let m = 806 + 491. Suppose -m = -r + 5*x, -2*r + k = x - 852. Is r composite?
True
Suppose 3*y + f - 15 = 0, -y + 4*y + 4*f - 24 = 0. Suppose 3*o - y = -4*j - 0, 5*o - 4*j - 28 = 0. Let l(d) = 121*d + 9. Is l(o) a composite number?
True
Suppose -2 = -2*j + 2*h, -j + 2 = -2*j + 2*h. Suppose -13*l = 2*r - 9*l - 7970, -5*r - j*l = -19937. Is r composite?
False
Suppose 5*b - 42108 = -13*u + 12*u, -2*b + 84224 = 2*u. Is u a composite number?
True
Let s = -57 - -72. Suppose 4*k = -s + 11. Is ((-135)/(-4) - k)/(6/24) a composite number?
False
Let m(s) = 6*s**3 - s**2 + 2*s + 13. Let u(i) = -13*i**3 + i**2 - 5*i - 25. Let o(x) = 5*m(x) + 2*u(x). Let v be o(10). Suppose 17*j + v = 22*j. Is j prime?
True
Let p(f) = 63*f**2 + 240*f - 191. Is p(-100) a prime number?
True
Suppose -95*y + 439196 + 579869 = 0. Is y prime?
False
Suppose -196843 + 599628 = 13*b - 346314. Is b a prime number?
False
Suppose -138 = -2*k + i + 3*i, 3*k + 4*i = 197. Suppose -2*c + 27 = -k. Is c a composite number?
False
Suppose 2123*v - 2122*v - 2*h = 1693029, -8465158 = -5*v - 3*h. Is v a prime number?
True
Suppose -7*i = 43 - 57. Suppose -1100 = i*v - 3448. Is v a prime number?
False
Let x(k) = -79744*k + 141. Is x(-4) prime?
True
Suppose 29*c - 2*q + 213928 = 33*c, 0 = -3*q + 18. Is c a prime number?
True
Let r = 7703 + 2957. Let t be r/10*(-10)/(-4). Suppose t = -0*f + 5*f. Is f a composite number?
True
Suppose -4034279 + 4637477 = 360*o - 7124922. Is o a composite number?
False
Is 38225 - 61 - (-2 - -3)*-3 composite?
False
Let l = 751 - -235. Suppose 0*v = 2*v - y - l, v = 2*y + 493. Is v a prime number?
False
Suppose -562639 = 37*q - 58*q + 514556. Is q prime?
False
Suppose -49*f + 43*f = -24. Suppose -5*h + 22754 = p, -2*h = -p - f*h + 22745. Is p a prime number?
True
Let a be -8*(-2)/4 + -1. Suppose 5*w = -k + 3, a*w - 4*k = -2*k - 6. Suppose 3*t - b = -w*t + 2072, 2*t - 2*b - 1388 = 0. Is t prime?
False
Suppose -145*n + 151*n - 9492 = 0. Suppose 2*k = -0*k + n. Is k prime?
False
Suppose 0 = 5*r - 4*u - 11532 - 12245, -4*r + 3*u + 19022 = 0. Is r prime?
False
Suppose -3*z - 636 = -642. Suppose -3*v = -f + 1817, z*f - 4*v = -3*f + 9074. Is f a prime number?
False
Let i = 202550 - 116873. Is i composite?
True
Let w(t) = 9*t - 13*t - 2 - 3*t. Let o be w(-1). Is (2973/6)/((o/(-2))/(-5)) composite?
False
Suppose -2*r = 4*u - 54604, -4*r + 13665 = -8*u + 9*u. Is u prime?
True
Suppose 0 = -4*h - 11 + 31. Is 20047/h + (-70)/175 a prime number?
False
Let v be (-11 + -2 + 4)*(-8 - -7). Suppose -2*t = -v*t + 27769. Is t a prime number?
True
Let x = 174 - 419. Is (-1027145)/x - 4/(-7) composite?
True
Let i(m) = 5*m + 45. Let k be i(-10). Is k - (2/(-8) - 12915/20) a composite number?
False
Let h(r) be the first derivative of -577*r**4/4 + r**2 + 2*r + 21. Let b be h(-1). Let x = -396 + b. Is x a prime number?
True
Is (57719/(-2))/((-34)/68) composite?
False
Suppose 4*i = -3*i + 21. Suppose -5*z + 35 = -i*l, -2*z - 5*l = -6*z + 41. Suppose z*d - 230 - 1262 = 0. Is d composite?
False
Let a(w) = w - 2. Let v be a(16). Suppose -v = -2*g + 4*o, -5*o - 25 = 3*g - 8*g. Is (1*(-157)/g)/(17/(-357)) a prime number?
False
Let g(u) = -29*u**3 - 21*u**2 - 34*u + 23. Let a be (-234)/34 + 0 - (-22)/(-187). Is g(a) a composite number?
True
Suppose 3*m = -3*p + 318174, 3*m = -4*p + 70979 + 247194. Is m prime?
False
Let v(u) = 32*u**2 - 46*u - 21. Is v(43) prime?
False
Suppose 4*o + 3*x - 312 = 0, 2*x = -2*o + 223 - 65. Let f(l) = -o*l + 1 + 17*l**2 - 71*l - 86*l + 219*l. Is f(4) a prime number?
False
Let u be 8049/(-45) - 8/60. Let w = 1396 + u. Is w a prime number?
True
Let b(c) = 575*c - 6. Let p(o) = 288*o - 3. Let m(r) = 2*b(r) - 5*p(r). Is m(-4) composite?
False
Let t(m) = -20255*m - 8. Is t(-3) a composite number?
False
Suppose x = -484 + 490. Suppose -722 = -x*n + 6976. Is n composite?
False
Is (22 - 23)*-14243*1 composite?
False
Let u(r) = -19*r - 3935 - 5*r**2 + 73*r**2 + 3832. Is u(30) composite?
False
Let k be 6 + -3 - (-3 - (-2)/1). Suppose -k*m + 